 + (-5 - 30) + -6.
-7
3 + 3 - (10 + (-4 - 0) + 3)
-3
What is 3 - (21 - 7 - 0) - -1?
-10
What is 4 - 32 - -26 - (-2 + 0)?
0
What is the value of (5 + -16 - -19) + -9?
-1
Evaluate (-8 - (-6 + -8) - -3) + -10.
-1
Evaluate -2 + (-18 - -6) - -22.
8
Calculate -2 + (3 - ((4 - 7) + 2)) + 6.
8
What is the value of (5 - 20 - -13) + 2 + (5 - 0)?
5
-1 - 1 - (-42 - -34) - (-1 - -1)
6
-10 + 23 + -13 + (8 - 3 - 31)
-26
What is the value of -3 + 14 + -33 - -12?
-10
What is 1 - (1 + -10 + -1 - (2 - 2))?
11
-3 - (12 + -7) - ((4 - 6) + -6)
0
What is the value of -19 + 6 - -12 - 1?
-2
Evaluate (0 - -3) + 4 + (474 - 463).
18
-10 + 29 + (-4 - 1) + 7
21
What is the value of (-481 - -491) + (-3 - -1)?
8
Calculate -3 + -6 + 14 + -14 + 24.
15
Calculate 16 + -7 + -17 + -1.
-9
-5 - ((3 - -11) + (-12 - 19))
12
What is the value of 21 + -17 + (33 - 9 - (0 + 1))?
27
What is the value of -27 - (-21 - (-3 - -15))?
6
Evaluate 3 + -4 + -1 + 5 + -8 + 7.
2
Calculate -8 - (-7 - (-14 + 6 + -1 + 4)).
-6
What is -364 - -346 - (-2 - (-3 + -1 - -1))?
-19
Evaluate 1 - (-5 - -11) - -17 - 16.
-4
Evaluate 4 + -8 + 10 - (1 + -6).
11
-1 + (-4 - (0 - -2 - 3)) - -2
-2
9 + (11 + -14 - 8)
-2
Calculate -67 - (-54 + (-21 - -38)).
-30
What is the value of 23 + (-22 + -10 - -18)?
9
22 - ((-7 - -4 - (-1 + -3)) + 7)
14
What is the value of (-15 - -4) + 3 + 6?
-2
2 + -21 - ((12 - 1 - 8) + -6)
-16
What is the value of (-4 - (-10 - -21)) + 16 + -1 + 17?
17
What is the value of -16 - (-1 + 6 + -15)?
-6
-4 - (17 - (0 + 27))
6
(11 + -14 - 9) + 1
-11
10 + (-10 - -16) + (15 + -7 - 6)
18
Evaluate 23 + -30 + (12 - -6).
11
Calculate 19 + -24 + (-28 - -20).
-13
Evaluate -14 + 3 - ((20 - -1) + 289 + -286).
-35
-3 - ((-1 - -4 - (3 - 3)) + -18)
12
-1 - (-6 - -1) - (3 + 2)
-1
(-4 - -26 - -11) + (-3 - -6 - 10)
26
Evaluate 2 + (11 - 36) + 4 + 11.
-8
Evaluate 1 + -4 + -16 + 17 - 5.
-7
What is the value of 1 + 3 + (-12 - (-21 + 3))?
10
What is -5 + 10 - (-6 + 8 + (1 - -4))?
-2
Evaluate (12 - (11 - 23)) + -17.
7
Evaluate (0 - 10 - 0) + -21 + 16 + -9.
-24
Calculate 45 - 5 - (17 + 7).
16
Evaluate -6 + 2 + 5 + 1 - 2.
0
What is -2 - (32 - 13) - -24?
3
What is 0 + 10 + -28 + 2 - (-3 - 0)?
-13
Calculate 1 + -8 + (-4 - (0 + -19)).
8
Evaluate 15 - (0 - 3) - 16.
2
Evaluate (6 + -16 + 0 - (0 - 3)) + 12.
5
-10 + 11 + 0 + 13
14
(1 - (-1 - (4 - (11 + -6)))) + -5
-4
Calculate -7 + (8 - 0) - -15.
16
What is 7 + -1 + (-12 - 2 - (-12 - -3))?
1
Evaluate -2 + -8 + (-2 + 3 - -4).
-5
What is -2 + 9 + 6 + (-7 - 0)?
6
What is (14 - -7) + (16 - 30)?
7
35 - 39 - (9 - -3)
-16
What is (6 - 4) + 8 - 7?
3
What is -23 + -2 + (34 - (71 - 37))?
-25
-8 + 1 - (-86 + 88)
-9
(-5 - 4 - -8) + 26 - (6 - 0)
19
Calculate -3 - (3 + (-10 + 12 - 6)).
-2
What is (-1 - -2) + (-47 - (-23 + -32))?
9
What is (-8 - (-19 + 2 - 2)) + -4?
7
Evaluate 16 - 14 - (-3 + 2 + (1 - 4)).
6
What is 0 - (-3 - 4) - (4 + (0 - 0))?
3
(18 - -20) + (-9 - 24)
5
Evaluate -45 + 10 - (-23 + -3).
-9
What is the value of -3 - 2 - (-7 + 9) - 11?
-18
(-9 - (-8 - 4) - (4 + -2)) + 4
5
Calculate -79 + 37 + 15 + -6.
-33
-28 + (14 - (-13 + 6 + 7))
-14
What is the value of 3 - (-8 + 5) - (-6 + 9)?
3
Evaluate -10 - (15 - 19 - (2 + 0 + 2)).
-2
(3 - 64) + -336 + 367
-30
What is the value of 4 - (12 - 36) - 13?
15
What is (14 + 3 - 1) + -2 - (-38 - -35)?
17
What is the value of -54 - -62 - (2 + 4 - 14)?
16
1 + 5 + 3 + -16 + 7
0
-2 + -8 + 14 + -8 - -5
1
What is 4 + 5 - (10 - (-6 - (-1 + -8)))?
2
Calculate 1 + 8 + -19 + (-6 - -11) + 9.
4
Calculate -2 + -12 + (3 - (-3 + 6 + -2)).
-12
Evaluate -1 + (-2 - 1) + -3 + 46 + -38.
1
What is 16 - (-12 + (16 - -2))?
10
What is the value of (-2 - 6) + 14 - (-40 - -77)?
-31
(1 - 15) + 4 + (-15 - -15)
-10
What is 12 + (-5 - (2 + -4 + 4 + -2))?
7
Calculate 2 + -1 + -4 + (-54 - -60).
3
What is the value of 7 + (22 - (23 - 2))?
8
What is 1 + -8 + 8 + -12 + 5 + 29?
23
What is the value of -8 - -2 - (7 - 16) - (11 + 0)?
-8
7 - (-6 + -6 + 12 - -10)
-3
What is the value of -1 + (4 - (-18 + 20))?
1
Evaluate -30 + 38 + 20 - 33.
-5
What is the value of 65 + -53 - (-1 + (-4 - -2))?
15
What is (97 - 99) + (14 - -4)?
16
Evaluate 14 + (0 - 5) + 0 + -3 + 4.
10
What is -3 + 10 - (16 - (0 + 6))?
-3
What is -1 - 3 - (-29 - (4 + -16))?
13
Evaluate -2 + 1 - (-21 - -10) - -2.
12
What is 0 + (-2 - -2 - 3) + 0?
-3
What is 405 + -426 - (-20 - -1)?
-2
Calculate -11 + 5 - (115 - 119).
-2
8 + 19 + -39 + 3
-9
Evaluate -19 - -27 - (-11 + 15).
4
What is 1 + -9 - ((-36 - (-10 + -2)) + -1)?
17
What is the value of -7 + 14 + 11 + -6?
12
What is -20 + (-15 + 21 - -21)?
7
What is 40 - (69 + -10 + -25)?
6
Calculate -19 + (-10 + 8 - -16).
-5
What is (5 - -8 - -28) + -30?
11
-5 - (30 + (11 - 38) + 13)
-21
(-1379 - -1371) + (19 - 0)
11
(-5 - (-10 + -9 + 17 - -4)) + -13
-20
What is the value of 3 - 0 - 23 - (-15 - -9)?
-14
What is the value of -21 - 0 - (-24 - (-6 - (21 + -10)))?
-14
Calculate 0 + 5 + -41 + 0 + -53 + 60.
-29
Calculate (-5 - 10) + (-24 + 15 - (0 - 16)).
-8
What is the value of -18 - -27 - -16 - 19?
6
(9 - 14) + 15 - (-5 + -19 - -9)
25
Evaluate 1 - (-31 + (7 - -29)).
-4
3 + 0 + -10 - (12 + -17 - -12)
-14
10 + (1 - 25) + (24 - 18)
-8
-6 - 10 - (-11 - (1 - 2))
-6
6 - (17 + (-11 - 8)) - (-2 - -10)
0
Evaluate -16 + -1 + (11 - 4 - 0).
-10
0 + 3 - (-2 - (35 - 29))
11
What is -3 - (-1 + 9 - 1 - 3 - -3)?
-10
Evaluate -1 + 6 + (3 + -8 - -6).
6
Evaluate -15 + 17 + -1 - -12.
13
Evaluate 95 + -109 - (0 + 1 - 38).
23
What is 227 - 247 - (-12 - -3 - -1 - 1)?
-11
-8 - 0 - (6 - (21 + -10))
-3
What is (-19 - -25) + (-4 - 0 - -3)?
5
What is 19 - 9 - 22 - (-1 - -1)?
-12
What is 5 + -1 + (5 - 0) - 7?
2
What is the value of 25 - 5 - 30 - (-2 + (-3 - -1))?
-6
Calculate -3 + (-1 - 1 - -2) - (2 + 5).
-10
Calculate -106 - -114 - (17 + -4 + 2).
-7
-28 + 40 - (26 + 8)
-22
Evaluate (-9 - 0) + -1 - (-61 + 37).
14
What is -15 - -1 - (14 + -41 + 15)?
-2
-28 - -35 - (-4 + 1 + 9 + -7)
8
Evaluate 101 + -121 - (0 - 6) - -4.
-10
What is the value of 6 - (3 + 5 - -13) - (6 - 0)?
-21
What is -5 - ((-6 - 4) + 17)?
-12
Evaluate -10 + -1 + 14 + (119 - 109).
13
What is -27 + -16 + 21 + -1 + 2 + -2?
-23
Evaluate -1 - -19 - (-2 + (-19 - -19)).
20
What is (-2 - -4) + 4 + 6 + 1?
13
What is the value of -1 + 15 - (8 - (15 + -4))?
17
(-5 - -2) + 8 - (2 - 9)
12
Calculate -1 - (-22 - (23 + -28)).
16
What is the value of 1 - 12 - (-1 + -5 + 5)?
-10
Evaluate 29 - (25 - 8) - 6.
6
Calculate 1 + -3 + (-24 - -16 - -12) + -15.
-13
Evaluate -54 - -42 - (-1 + -3).
-8
What is -24 + -10 + 15 + 42?
23
Evaluate 27 + -11 + -5 + (5 + -9 - -3).
10
4 - (-17 - 6 - -40)
-13
What is -13 + -1 - (-327 - -316)?
-3
-2 + -6 + -3 + (-10 - -9)
-12
What is (-2 - (0 + 2)) + (0 - (2 - 2))?
-4
Evaluate -17 - -5 - (-13 - 1) - (14 + 0).
-12
-10 + -13 + 0 + 10
-13
Calculate -12 + 2 + 1 - (-16 + 9 + 6).
-8
-1 + -3 - ((-14 - -19 - 36) + -6)
33
(28 - (0 - -3)) + -383 + 366
8
What is -22 + (0 - ((14 - 9) + -3)) + 3?
-21
Evaluate 135 + -156 + (1 - -13).
-7
Evaluate -2 - -11 - (-9 + (0 + 10 - 3)).
11
(-1 - (13 + -5)) + -4
-13
(-10 - -7) + (5 - 6 - 6)
-10
Evaluate -6 - (-6 + (-25 - -46) + -4 + 2).
-19
-5 + -3 + 28 + -19
1
3 + (-3 + 8 - -39) + 12 + -20
39
Calculate -3 + (8 - (16 - 5 - 3)).
-3
Calculate 39 + -5 + -64 - (-3 + 3).
-30
What is the value of -24 + 16 + 11 + -7 - (0 - 0)?
-4
Evaluate -8 + 7 + -2 + 3 + 2 - 8.
-6
What is the value of (10 - (4 - 10 - -8)) + -4 + 0?
4
What is -575 + 576 - (-2 + 2 + (7 - -1))?
-7
What is (81 - 47) + (28 - 48)?
14
What is -20 + -5 + (9 - (-1 - (-3 - 7)))?
-25
What is (-1 - -2 - 6) + (17 - (20 - 1))?
-7
Calculate (2 - 2) + (-51 - -35) + 5.
-11
What is 2 + -6 + (15 - (29 + -8)) - -42?
32
-17 + (50 - (14 - -3))
16
Calculate -8 + -2 + 1 - -4 - -5.
0
Calculate (7 - (-9 + 10 + -6)) + -1 + 0.
11
Calculate -2 + -20 + 3 + 32 + (8 - -1).
22
Calculate 27 + (-8 - -6) - 4.
21
0 + -8 - (0 + 1 - (-1 + 2))
-8
What is 16 - (26 + -10 + -2)?
2
What is 2 - 4 - (-142 + 142)?
-2
What is 2 - (-3 - -20) - ((5 - 8) + -3)?
-9
What is -1 + (-1 - (-5 - (3 + 6)))?
12
Calculate -1 + 11 - (5 + -8 + 9).
4
35 + -7 - (16 - -35)
-23
What is (-12 - -8) + 9 - ((3 - 6) + 0)?
8
Calculate 20 - ((16 - (14 - 7)) + -5 + 1).
15
Calculate 12 + -17 + 24 - 17.
2
Calculate -14 + 3 + 3 - -1.
-7
(-12 - (0 + -4)) + -1 - 0 - -1
-8
What is -39 - (13 - 42 - -18)?
-28
Calculate -9 - (-4 - (-15 - -4)